{"id":19,"date":"2025-05-15T17:21:21","date_gmt":"2025-05-15T17:21:21","guid":{"rendered":"https:\/\/offeneszelt.com\/?page_id=19"},"modified":"2025-05-25T07:49:05","modified_gmt":"2025-05-25T07:49:05","slug":"about","status":"publish","type":"page","link":"https:\/\/offeneszelt.com\/?page_id=19","title":{"rendered":"About Simon"},"content":{"rendered":"\n<h2 class=\"wp-block-heading has-text-align-left\">Wer ist Simon?<\/h2>\n\n\n\n<div style=\"height:50px\" aria-hidden=\"true\" class=\"wp-block-spacer\"><\/div>\n\n\n\n<p class=\"justify-text\">\u00dcbergewichtiger Bergsteiger, naturverbundener IT-ler, geselliger Einzelg\u00e4nger, Minimalist in einem Riesenhaus, Sonnenanbeter und Nachtschw\u00e4rmer, asketischer Hedonist, sch\u00fcchterne Rampensau, hyperaktiver Faulpelz, praktisch veranlagter B\u00fccherwurm<\/p>\n\n\n\n<p class=\"justify-text\">&#8230;also alles in allem ziemlich ambivalent&#8230;<\/p>\n\n\n\n<div style=\"height:56px\" aria-hidden=\"true\" class=\"wp-block-spacer\"><\/div>\n\n\n\n<figure class=\"wp-block-gallery has-nested-images columns-default is-cropped wp-block-gallery-1 is-layout-flex wp-block-gallery-is-layout-flex\">\n<figure class=\"wp-block-image size-large\"><img loading=\"lazy\" decoding=\"async\" width=\"1024\" height=\"1024\" data-id=\"89\" src=\"https:\/\/offeneszelt.com\/wp-content\/uploads\/2025\/05\/NWPX7667-1024x1024.jpg\" alt=\"\" class=\"wp-image-89\" srcset=\"https:\/\/offeneszelt.com\/wp-content\/uploads\/2025\/05\/NWPX7667-1024x1024.jpg 1024w, https:\/\/offeneszelt.com\/wp-content\/uploads\/2025\/05\/NWPX7667-300x300.jpg 300w, https:\/\/offeneszelt.com\/wp-content\/uploads\/2025\/05\/NWPX7667-150x150.jpg 150w, https:\/\/offeneszelt.com\/wp-content\/uploads\/2025\/05\/NWPX7667-768x768.jpg 768w, https:\/\/offeneszelt.com\/wp-content\/uploads\/2025\/05\/NWPX7667-1536x1536.jpg 1536w, https:\/\/offeneszelt.com\/wp-content\/uploads\/2025\/05\/NWPX7667-1140x1140.jpg 1140w, https:\/\/offeneszelt.com\/wp-content\/uploads\/2025\/05\/NWPX7667-75x75.jpg 75w, https:\/\/offeneszelt.com\/wp-content\/uploads\/2025\/05\/NWPX7667.jpg 1920w\" sizes=\"auto, (max-width: 1024px) 100vw, 1024px\" \/><\/figure>\n\n\n\n<figure class=\"wp-block-image size-large\"><img loading=\"lazy\" decoding=\"async\" width=\"1024\" height=\"768\" data-id=\"88\" src=\"https:\/\/offeneszelt.com\/wp-content\/uploads\/2025\/05\/IMG-20170625-WA0001-1024x768.jpg\" alt=\"\" class=\"wp-image-88\" srcset=\"https:\/\/offeneszelt.com\/wp-content\/uploads\/2025\/05\/IMG-20170625-WA0001-1024x768.jpg 1024w, https:\/\/offeneszelt.com\/wp-content\/uploads\/2025\/05\/IMG-20170625-WA0001-300x225.jpg 300w, https:\/\/offeneszelt.com\/wp-content\/uploads\/2025\/05\/IMG-20170625-WA0001-768x576.jpg 768w, https:\/\/offeneszelt.com\/wp-content\/uploads\/2025\/05\/IMG-20170625-WA0001-1536x1152.jpg 1536w, https:\/\/offeneszelt.com\/wp-content\/uploads\/2025\/05\/IMG-20170625-WA0001-1140x855.jpg 1140w, https:\/\/offeneszelt.com\/wp-content\/uploads\/2025\/05\/IMG-20170625-WA0001.jpg 1600w\" sizes=\"auto, (max-width: 1024px) 100vw, 1024px\" \/><\/figure>\n\n\n\n<figure class=\"wp-block-image size-large\"><img loading=\"lazy\" decoding=\"async\" width=\"1024\" height=\"621\" data-id=\"87\" src=\"https:\/\/offeneszelt.com\/wp-content\/uploads\/2025\/05\/EEMO6776-scaled-e1747565118228-1024x621.jpg\" alt=\"Simon\" class=\"wp-image-87\" srcset=\"https:\/\/offeneszelt.com\/wp-content\/uploads\/2025\/05\/EEMO6776-scaled-e1747565118228-1024x621.jpg 1024w, https:\/\/offeneszelt.com\/wp-content\/uploads\/2025\/05\/EEMO6776-scaled-e1747565118228-300x182.jpg 300w, https:\/\/offeneszelt.com\/wp-content\/uploads\/2025\/05\/EEMO6776-scaled-e1747565118228-768x466.jpg 768w, https:\/\/offeneszelt.com\/wp-content\/uploads\/2025\/05\/EEMO6776-scaled-e1747565118228-1536x932.jpg 1536w, https:\/\/offeneszelt.com\/wp-content\/uploads\/2025\/05\/EEMO6776-scaled-e1747565118228-2048x1242.jpg 2048w, https:\/\/offeneszelt.com\/wp-content\/uploads\/2025\/05\/EEMO6776-scaled-e1747565118228-1140x692.jpg 1140w\" sizes=\"auto, (max-width: 1024px) 100vw, 1024px\" \/><\/figure>\n<\/figure>\n\n\n\n<div style=\"height:50px\" aria-hidden=\"true\" class=\"wp-block-spacer\"><\/div>\n\n\n\n<h2 class=\"wp-block-heading has-text-align-left\">Was mag Simon?<\/h2>\n\n\n\n<p class=\"has-text-align-left\">Ich mag gleichermassen die Einsamkeit in den Bergen wie auch das Verschmelzen mit einer tanzenden Menschenmasse an der Streetparade.<\/p>\n\n\n\n<p class=\"has-text-align-left\">Ich mag gleichermassen den 5-G\u00e4nger im Gourmetrestaurant wie auch die Wurst, die ich am Stock \u00fcber dem Feuer gebraten habe.<\/p>\n\n\n\n<p class=\"has-text-align-left justify-text\">Ich mag gleichermassen die \u00dcbernachtung im Grand Hyatt wie eine Nacht im Zelt.<\/p>\n\n\n\n<p class=\"has-text-align-left\">Ich geniesse es in einem grossen Haus mit Pool zu wohnen und w\u00fcnsche mir nichts sehnlicher als nur mit Zelt und Schlafsack in der Natur unterwegs zu sein.<\/p>\n\n\n\n<p class=\"has-text-align-left justify-text\">Ich wollte nie Kinder haben, doch meine Kinder sind das Beste was mir im Leben je passiert ist!<\/p>\n\n\n\n<div style=\"height:50px\" aria-hidden=\"true\" class=\"wp-block-spacer\"><\/div>\n\n\n\n<figure class=\"wp-block-gallery has-nested-images columns-default is-cropped wp-block-gallery-2 is-layout-flex wp-block-gallery-is-layout-flex\">\n<figure class=\"wp-block-image size-large\"><img loading=\"lazy\" decoding=\"async\" width=\"1024\" height=\"1024\" data-id=\"131\" src=\"https:\/\/offeneszelt.com\/wp-content\/uploads\/2025\/05\/IMG_20230812_225015-scaled-e1747572541537-1024x1024.jpg\" alt=\"\" class=\"wp-image-131\" srcset=\"https:\/\/offeneszelt.com\/wp-content\/uploads\/2025\/05\/IMG_20230812_225015-scaled-e1747572541537-1024x1024.jpg 1024w, https:\/\/offeneszelt.com\/wp-content\/uploads\/2025\/05\/IMG_20230812_225015-scaled-e1747572541537-300x300.jpg 300w, https:\/\/offeneszelt.com\/wp-content\/uploads\/2025\/05\/IMG_20230812_225015-scaled-e1747572541537-150x150.jpg 150w, https:\/\/offeneszelt.com\/wp-content\/uploads\/2025\/05\/IMG_20230812_225015-scaled-e1747572541537-768x768.jpg 768w, https:\/\/offeneszelt.com\/wp-content\/uploads\/2025\/05\/IMG_20230812_225015-scaled-e1747572541537-1536x1536.jpg 1536w, https:\/\/offeneszelt.com\/wp-content\/uploads\/2025\/05\/IMG_20230812_225015-scaled-e1747572541537-1140x1140.jpg 1140w, https:\/\/offeneszelt.com\/wp-content\/uploads\/2025\/05\/IMG_20230812_225015-scaled-e1747572541537-75x75.jpg 75w, https:\/\/offeneszelt.com\/wp-content\/uploads\/2025\/05\/IMG_20230812_225015-scaled-e1747572541537.jpg 1920w\" sizes=\"auto, (max-width: 1024px) 100vw, 1024px\" \/><\/figure>\n\n\n\n<figure class=\"wp-block-image size-large\"><img loading=\"lazy\" decoding=\"async\" width=\"1024\" height=\"769\" data-id=\"132\" src=\"https:\/\/offeneszelt.com\/wp-content\/uploads\/2025\/05\/IMG_20250517_222227990-1024x769.jpg\" alt=\"\" class=\"wp-image-132\" srcset=\"https:\/\/offeneszelt.com\/wp-content\/uploads\/2025\/05\/IMG_20250517_222227990-1024x769.jpg 1024w, https:\/\/offeneszelt.com\/wp-content\/uploads\/2025\/05\/IMG_20250517_222227990-300x225.jpg 300w, https:\/\/offeneszelt.com\/wp-content\/uploads\/2025\/05\/IMG_20250517_222227990-768x577.jpg 768w, https:\/\/offeneszelt.com\/wp-content\/uploads\/2025\/05\/IMG_20250517_222227990-1536x1154.jpg 1536w, https:\/\/offeneszelt.com\/wp-content\/uploads\/2025\/05\/IMG_20250517_222227990-2048x1538.jpg 2048w, https:\/\/offeneszelt.com\/wp-content\/uploads\/2025\/05\/IMG_20250517_222227990-1140x856.jpg 1140w\" sizes=\"auto, (max-width: 1024px) 100vw, 1024px\" \/><\/figure>\n\n\n\n<figure class=\"wp-block-image size-large\"><img loading=\"lazy\" decoding=\"async\" width=\"1024\" height=\"768\" data-id=\"133\" src=\"https:\/\/offeneszelt.com\/wp-content\/uploads\/2025\/05\/20200816_062532-1024x768.jpg\" alt=\"\" class=\"wp-image-133\" srcset=\"https:\/\/offeneszelt.com\/wp-content\/uploads\/2025\/05\/20200816_062532-1024x768.jpg 1024w, https:\/\/offeneszelt.com\/wp-content\/uploads\/2025\/05\/20200816_062532-300x225.jpg 300w, https:\/\/offeneszelt.com\/wp-content\/uploads\/2025\/05\/20200816_062532-768x576.jpg 768w, https:\/\/offeneszelt.com\/wp-content\/uploads\/2025\/05\/20200816_062532-1536x1152.jpg 1536w, https:\/\/offeneszelt.com\/wp-content\/uploads\/2025\/05\/20200816_062532-2048x1536.jpg 2048w, https:\/\/offeneszelt.com\/wp-content\/uploads\/2025\/05\/20200816_062532-1140x855.jpg 1140w\" sizes=\"auto, (max-width: 1024px) 100vw, 1024px\" \/><\/figure>\n<\/figure>\n\n\n\n<div style=\"height:50px\" aria-hidden=\"true\" class=\"wp-block-spacer\"><\/div>\n","protected":false},"excerpt":{"rendered":"<p>Wer ist Simon? \u00dcbergewichtiger Bergsteiger, naturverbundener IT-ler, geselliger Einzelg\u00e4nger, Minimalist in einem Riesenhaus, Sonnenanbeter und Nachtschw\u00e4rmer, asketischer Hedonist, sch\u00fcchterne Rampensau, hyperaktiver Faulpelz, praktisch veranlagter B\u00fccherwurm &#8230;also alles in allem ziemlich ambivalent&#8230; Was mag Simon? Ich mag gleichermassen die Einsamkeit in den Bergen wie auch das Verschmelzen mit einer tanzenden Menschenmasse an der Streetparade. Ich mag gleichermassen den 5-G\u00e4nger im Gourmetrestaurant wie auch die Wurst, die ich am Stock \u00fcber dem Feuer gebraten habe. Ich mag gleichermassen die \u00dcbernachtung im Grand Hyatt wie eine Nacht im Zelt. Ich geniesse es in einem grossen Haus mit Pool zu wohnen und w\u00fcnsche mir nichts sehnlicher als nur mit Zelt und Schlafsack in der Natur unterwegs zu sein. Ich wollte nie Kinder haben, doch meine Kinder sind das Beste was mir im Leben je passiert ist!<\/p>\n","protected":false},"author":1,"featured_media":0,"parent":0,"menu_order":0,"comment_status":"closed","ping_status":"closed","template":"","meta":{"footnotes":""},"class_list":["post-19","page","type-page","status-publish","hentry"],"yoast_head":"<!-- This site is optimized with the Yoast SEO plugin v27.3 - https:\/\/yoast.com\/product\/yoast-seo-wordpress\/ -->\n<title>About Simon - Goldener K\u00e4fig, offenes Zelt<\/title>\n<meta name=\"robots\" content=\"index, follow, max-snippet:-1, max-image-preview:large, max-video-preview:-1\" \/>\n<link rel=\"canonical\" href=\"http:\/\/offeneszelt.com\/?page_id=19\" \/>\n<meta property=\"og:locale\" content=\"en_US\" \/>\n<meta property=\"og:type\" content=\"article\" \/>\n<meta property=\"og:title\" content=\"About Simon - Goldener K\u00e4fig, offenes Zelt\" \/>\n<meta property=\"og:description\" content=\"Wer ist Simon? \u00dcbergewichtiger Bergsteiger, naturverbundener IT-ler, geselliger Einzelg\u00e4nger, Minimalist in einem Riesenhaus, Sonnenanbeter und Nachtschw\u00e4rmer, asketischer Hedonist, sch\u00fcchterne Rampensau, hyperaktiver Faulpelz, praktisch veranlagter B\u00fccherwurm &#8230;also alles in allem ziemlich ambivalent&#8230; Was mag Simon? Ich mag gleichermassen die Einsamkeit in den Bergen wie auch das Verschmelzen mit einer tanzenden Menschenmasse an der Streetparade. Ich mag gleichermassen den 5-G\u00e4nger im Gourmetrestaurant wie auch die Wurst, die ich am Stock \u00fcber dem Feuer gebraten habe. Ich mag gleichermassen die \u00dcbernachtung im Grand Hyatt wie eine Nacht im Zelt. Ich geniesse es in einem grossen Haus mit Pool zu wohnen und w\u00fcnsche mir nichts sehnlicher als nur mit Zelt und Schlafsack in der Natur unterwegs zu sein. Ich wollte nie Kinder haben, doch meine Kinder sind das Beste was mir im Leben je passiert ist!\" \/>\n<meta property=\"og:url\" content=\"http:\/\/offeneszelt.com\/?page_id=19\" \/>\n<meta property=\"og:site_name\" content=\"Goldener K\u00e4fig, offenes Zelt\" \/>\n<meta property=\"article:modified_time\" content=\"2025-05-25T07:49:05+00:00\" \/>\n<meta property=\"og:image\" content=\"https:\/\/offeneszelt.com\/wp-content\/uploads\/2025\/05\/NWPX7667.jpg\" \/>\n\t<meta property=\"og:image:width\" content=\"1920\" \/>\n\t<meta property=\"og:image:height\" content=\"1920\" \/>\n\t<meta property=\"og:image:type\" content=\"image\/jpeg\" \/>\n<meta name=\"twitter:card\" content=\"summary_large_image\" \/>\n<meta name=\"twitter:label1\" content=\"Est. reading time\" \/>\n\t<meta name=\"twitter:data1\" content=\"2 minutes\" \/>\n<script type=\"application\/ld+json\" class=\"yoast-schema-graph\">{\"@context\":\"https:\\\/\\\/schema.org\",\"@graph\":[{\"@type\":\"WebPage\",\"@id\":\"http:\\\/\\\/offeneszelt.com\\\/?page_id=19\",\"url\":\"http:\\\/\\\/offeneszelt.com\\\/?page_id=19\",\"name\":\"About Simon - Goldener K\u00e4fig, offenes Zelt\",\"isPartOf\":{\"@id\":\"http:\\\/\\\/offeneszelt.com\\\/#website\"},\"primaryImageOfPage\":{\"@id\":\"http:\\\/\\\/offeneszelt.com\\\/?page_id=19#primaryimage\"},\"image\":{\"@id\":\"http:\\\/\\\/offeneszelt.com\\\/?page_id=19#primaryimage\"},\"thumbnailUrl\":\"https:\\\/\\\/offeneszelt.com\\\/wp-content\\\/uploads\\\/2025\\\/05\\\/NWPX7667-1024x1024.jpg\",\"datePublished\":\"2025-05-15T17:21:21+00:00\",\"dateModified\":\"2025-05-25T07:49:05+00:00\",\"breadcrumb\":{\"@id\":\"http:\\\/\\\/offeneszelt.com\\\/?page_id=19#breadcrumb\"},\"inLanguage\":\"en-US\",\"potentialAction\":[{\"@type\":\"ReadAction\",\"target\":[\"http:\\\/\\\/offeneszelt.com\\\/?page_id=19\"]}]},{\"@type\":\"ImageObject\",\"inLanguage\":\"en-US\",\"@id\":\"http:\\\/\\\/offeneszelt.com\\\/?page_id=19#primaryimage\",\"url\":\"https:\\\/\\\/offeneszelt.com\\\/wp-content\\\/uploads\\\/2025\\\/05\\\/NWPX7667.jpg\",\"contentUrl\":\"https:\\\/\\\/offeneszelt.com\\\/wp-content\\\/uploads\\\/2025\\\/05\\\/NWPX7667.jpg\",\"width\":1920,\"height\":1920},{\"@type\":\"BreadcrumbList\",\"@id\":\"http:\\\/\\\/offeneszelt.com\\\/?page_id=19#breadcrumb\",\"itemListElement\":[{\"@type\":\"ListItem\",\"position\":1,\"name\":\"Home\",\"item\":\"https:\\\/\\\/offeneszelt.com\\\/\"},{\"@type\":\"ListItem\",\"position\":2,\"name\":\"About Simon\"}]},{\"@type\":\"WebSite\",\"@id\":\"http:\\\/\\\/offeneszelt.com\\\/#website\",\"url\":\"http:\\\/\\\/offeneszelt.com\\\/\",\"name\":\"Goldener K\u00e4fig, offenes Zelt\",\"description\":\"Freiheit beginnt, wo ich aufh\u00f6re, jemand zu sein.\",\"potentialAction\":[{\"@type\":\"SearchAction\",\"target\":{\"@type\":\"EntryPoint\",\"urlTemplate\":\"http:\\\/\\\/offeneszelt.com\\\/?s={search_term_string}\"},\"query-input\":{\"@type\":\"PropertyValueSpecification\",\"valueRequired\":true,\"valueName\":\"search_term_string\"}}],\"inLanguage\":\"en-US\"}]}<\/script>\n<!-- \/ Yoast SEO plugin. -->","yoast_head_json":{"title":"About Simon - Goldener K\u00e4fig, offenes Zelt","robots":{"index":"index","follow":"follow","max-snippet":"max-snippet:-1","max-image-preview":"max-image-preview:large","max-video-preview":"max-video-preview:-1"},"canonical":"http:\/\/offeneszelt.com\/?page_id=19","og_locale":"en_US","og_type":"article","og_title":"About Simon - Goldener K\u00e4fig, offenes Zelt","og_description":"Wer ist Simon? \u00dcbergewichtiger Bergsteiger, naturverbundener IT-ler, geselliger Einzelg\u00e4nger, Minimalist in einem Riesenhaus, Sonnenanbeter und Nachtschw\u00e4rmer, asketischer Hedonist, sch\u00fcchterne Rampensau, hyperaktiver Faulpelz, praktisch veranlagter B\u00fccherwurm &#8230;also alles in allem ziemlich ambivalent&#8230; Was mag Simon? Ich mag gleichermassen die Einsamkeit in den Bergen wie auch das Verschmelzen mit einer tanzenden Menschenmasse an der Streetparade. Ich mag gleichermassen den 5-G\u00e4nger im Gourmetrestaurant wie auch die Wurst, die ich am Stock \u00fcber dem Feuer gebraten habe. Ich mag gleichermassen die \u00dcbernachtung im Grand Hyatt wie eine Nacht im Zelt. Ich geniesse es in einem grossen Haus mit Pool zu wohnen und w\u00fcnsche mir nichts sehnlicher als nur mit Zelt und Schlafsack in der Natur unterwegs zu sein. Ich wollte nie Kinder haben, doch meine Kinder sind das Beste was mir im Leben je passiert ist!","og_url":"http:\/\/offeneszelt.com\/?page_id=19","og_site_name":"Goldener K\u00e4fig, offenes Zelt","article_modified_time":"2025-05-25T07:49:05+00:00","og_image":[{"width":1920,"height":1920,"url":"https:\/\/offeneszelt.com\/wp-content\/uploads\/2025\/05\/NWPX7667.jpg","type":"image\/jpeg"}],"twitter_card":"summary_large_image","twitter_misc":{"Est. reading time":"2 minutes"},"schema":{"@context":"https:\/\/schema.org","@graph":[{"@type":"WebPage","@id":"http:\/\/offeneszelt.com\/?page_id=19","url":"http:\/\/offeneszelt.com\/?page_id=19","name":"About Simon - Goldener K\u00e4fig, offenes Zelt","isPartOf":{"@id":"http:\/\/offeneszelt.com\/#website"},"primaryImageOfPage":{"@id":"http:\/\/offeneszelt.com\/?page_id=19#primaryimage"},"image":{"@id":"http:\/\/offeneszelt.com\/?page_id=19#primaryimage"},"thumbnailUrl":"https:\/\/offeneszelt.com\/wp-content\/uploads\/2025\/05\/NWPX7667-1024x1024.jpg","datePublished":"2025-05-15T17:21:21+00:00","dateModified":"2025-05-25T07:49:05+00:00","breadcrumb":{"@id":"http:\/\/offeneszelt.com\/?page_id=19#breadcrumb"},"inLanguage":"en-US","potentialAction":[{"@type":"ReadAction","target":["http:\/\/offeneszelt.com\/?page_id=19"]}]},{"@type":"ImageObject","inLanguage":"en-US","@id":"http:\/\/offeneszelt.com\/?page_id=19#primaryimage","url":"https:\/\/offeneszelt.com\/wp-content\/uploads\/2025\/05\/NWPX7667.jpg","contentUrl":"https:\/\/offeneszelt.com\/wp-content\/uploads\/2025\/05\/NWPX7667.jpg","width":1920,"height":1920},{"@type":"BreadcrumbList","@id":"http:\/\/offeneszelt.com\/?page_id=19#breadcrumb","itemListElement":[{"@type":"ListItem","position":1,"name":"Home","item":"https:\/\/offeneszelt.com\/"},{"@type":"ListItem","position":2,"name":"About Simon"}]},{"@type":"WebSite","@id":"http:\/\/offeneszelt.com\/#website","url":"http:\/\/offeneszelt.com\/","name":"Goldener K\u00e4fig, offenes Zelt","description":"Freiheit beginnt, wo ich aufh\u00f6re, jemand zu sein.","potentialAction":[{"@type":"SearchAction","target":{"@type":"EntryPoint","urlTemplate":"http:\/\/offeneszelt.com\/?s={search_term_string}"},"query-input":{"@type":"PropertyValueSpecification","valueRequired":true,"valueName":"search_term_string"}}],"inLanguage":"en-US"}]}},"acf":[],"brizy_media":[],"_links":{"self":[{"href":"https:\/\/offeneszelt.com\/index.php?rest_route=\/wp\/v2\/pages\/19","targetHints":{"allow":["GET"]}}],"collection":[{"href":"https:\/\/offeneszelt.com\/index.php?rest_route=\/wp\/v2\/pages"}],"about":[{"href":"https:\/\/offeneszelt.com\/index.php?rest_route=\/wp\/v2\/types\/page"}],"author":[{"embeddable":true,"href":"https:\/\/offeneszelt.com\/index.php?rest_route=\/wp\/v2\/users\/1"}],"replies":[{"embeddable":true,"href":"https:\/\/offeneszelt.com\/index.php?rest_route=%2Fwp%2Fv2%2Fcomments&post=19"}],"version-history":[{"count":5,"href":"https:\/\/offeneszelt.com\/index.php?rest_route=\/wp\/v2\/pages\/19\/revisions"}],"predecessor-version":[{"id":150,"href":"https:\/\/offeneszelt.com\/index.php?rest_route=\/wp\/v2\/pages\/19\/revisions\/150"}],"wp:attachment":[{"href":"https:\/\/offeneszelt.com\/index.php?rest_route=%2Fwp%2Fv2%2Fmedia&parent=19"}],"curies":[{"name":"wp","href":"https:\/\/api.w.org\/{rel}","templated":true}]}}